f (16 + -19)/(1/z)?
0
Suppose -5*m + 0*m + 2455 = 5*j, 2*m - 984 = -3*j. Let n = m - 170. What is the units digit of n?
9
Suppose 789*f - 809*f = -304800. What is the ten thousands digit of f?
1
Suppose 61*i + 5*i - 57*i = 585036. What is the ten thousands digit of i?
6
Let m be 1/(1*5/(-15)*-1). What is the units digit of m/(-15) + (-11)/((-385)/742)?
1
Let k(x) = 59*x + 4. Let i be k(4). Let r = -405 + i. Let j = -101 - r. What is the tens digit of j?
6
Suppose -131*f = -3940668 - 171815. What is the ten thousands digit of f?
3
Let j = 2784 - 2292. What is the hundreds digit of j?
4
Suppose 0 = 5*g + 4*o - 6, 4*o + o - 3 = -4*g. Suppose 862 = n - 5*z + 9*z, g*n - 3*z = 1669. What is the tens digit of n?
4
Let s = -112 - -117. Suppose 60 = 4*j + s*b, 15 = 3*j + 5*b - 35. What is the tens digit of 4*(-3)/2*(-35)/j?
2
Let l = 14634 + -13946. What is the units digit of l?
8
Let l(b) = -794*b - 985. What is the ten thousands digit of l(-34)?
2
Let t be (1843/2)/(2/4). Suppose t + 407 = 5*r. What is the units digit of r?
0
Let p(f) = -236*f + 38. What is the thousands digit of p(-29)?
6
Let x(m) be the third derivative of m**6/60 - 13*m**5/60 - m**4/6 + 5*m**3 + 2*m**2 + 87. What is the hundreds digit of x(9)?
3
Suppose -461*p + 458*p + 30666 = 5*q, -2*p = -14. What is the units digit of q?
9
Let x = 752 + -748. Suppose 0 = 5*g - 4*r - 8590, -4*r - 16 = x. What is the units digit of g?
4
Let u(z) = 960*z**3 + 5*z**2 + 20*z - 50. What is the units digit of u(2)?
0
Suppose -25*g = -78426 - 138174. What is the tens digit of g?
6
Let u(j) = -10*j**3 - 7*j**2 + j + 8. Let m be (-7)/(-1 + 8)*(1 - -2). What is the hundreds digit of u(m)?
2
Let a = 166521 + -112953. What is the tens digit of a?
6
Suppose -6918 - 24108 = -2*x + r, -3*x - 10*r = -46493. What is the tens digit of x?
1
Suppose 2*n + 2*n = 8, -2*n = i. Let j be (1 - -2 - 1)*(i - 5). Let y = j - -24. What is the units digit of y?
6
Let k = -12 - -22. Suppose -2*y = n - k, y + 2*n = -2*y + 14. Suppose -144 = y*f - 630. What is the units digit of f?
1
Suppose -52*f - 2224 = 896. What is the hundreds digit of 307*(-2)/4*f/15?
6
Let w(o) = o**3 - 12*o**2 + 20*o - 11. Let c be (-18 - -2)/(-4*(-4)/(-8)). Let p be w(c). Let y = p - -188. What is the tens digit of y?
8
Let l(g) = -18*g - 36. Let h be l(-4). What is the hundreds digit of (12/h)/(1/1017)?
3
Suppose -10609 = 8*t - 36033. Suppose t = -35*l + 42*l. What is the hundreds digit of l?
4
Let z = 585 + -226. Let p = 653 - z. What is the hundreds digit of p?
2
What is the hundreds digit of (-84)/22 + 4 + (-36591)/(-33)?
1
Let k(z) = z**3 - 3*z + 350. Suppose 3*g = 4*l, -l - 3*l = 5*g. What is the tens digit of k(l)?
5
Let u(o) = 230*o + 142. Let n be ((-7)/(175/(-20)))/((-6)/(-15)). What is the units digit of u(n)?
2
Let o(a) be the third derivative of -a**5/60 + a**3/3 - 15*a**2. Let v be o(2). What is the tens digit of (85/10 + v)*12?
7
Let j(k) = 6*k - 148. Suppose c = 20 + 19. What is the units digit of j(c)?
6
Suppose 4*a = -5*q - 322, 4*a + 342 = 6*q - q. Let j = a - -214. What is the hundreds digit of j?
1
Suppose -5*v = -3*s - 5277, 3*s + 1720 = 3*v - 1451. Let a = 1836 - v. What is the tens digit of a?
8
Suppose -x + 10468 = -5*d - 967, 2*d - 57094 = -5*x. What is the ten thousands digit of x?
1
Suppose 2*t - 2*a + 10 = 0, 4*a - 21 = 3*t + 2*t. What is the tens digit of (231 - 2) + (-9 - (t - 4))?
2
Suppose -5*y + 3*w - 669 - 1115 = 0, -4*y - 1432 = -4*w. Let s = y + 861. What is the hundreds digit of s?
5
Suppose -10*u - 2332 + 36482 = 0. Suppose 431*k - 426*k - u = 0. What is the units digit of k?
3
Suppose -5*a + 58268 - 9234 + 39756 = 0. What is the hundreds digit of a?
7
Suppose 0 = -68*k + 208203 + 572217 - 26300. What is the thousands digit of k?
1
Let h(d) = 9*d**3 - 107*d**2 - 12*d - 16. What is the thousands digit of h(15)?
6
Let t(j) = 357*j**3 - 8*j**2 + 3*j - 2. Let z(q) = -12*q - 11. Let h be z(-1). What is the tens digit of t(h)?
5
Let m = 94 + -90. Suppose 17 = m*f + 9. What is the tens digit of (-7 - -8) + 31 + f/2?
3
Let k(n) = 4*n**2 - 20*n + 1348. What is the hundreds digit of k(62)?
4
Let g(c) = -237*c + 10633. What is the hundreds digit of g(-156)?
6
Let c = 7 + -3. Suppose c*g = -b + 22, b + 1 = g - b. Suppose 0 = -g*r + 94 + 266. What is the tens digit of r?
7
Suppose 4*u + 12 = 0, 7*r - 4*u = 2*r + 52. Suppose -3*b = -b + r. What is the tens digit of (-6)/(-1)*-20*2/b?
6
Let u(h) = -h**3 - 9*h**2 - 18*h - 5. Let a be u(-3). What is the tens digit of 53*a/20*-12?
5
Let j(m) = -m**2 + 6*m - 1. Let v be j(5). Let i(o) = v*o**2 + o - 32 - 9*o + 46 - 3*o**2. What is the tens digit of i(-7)?
1
Suppose 4*q - 4202 - 354 = 0. Suppose 0 = -21*w + q + 2725. What is the tens digit of w?
8
Let p be -4 + 5486/4 + (-24)/16. Suppose -302 = -3*r + p. What is the units digit of r?
6
Suppose 2247*n = 2226*n + 42546. What is the hundreds digit of n?
0
Let w(x) = 6*x + 2*x + 29*x**3 + 8*x**2 + 7 - 28*x**3. Let j be w(-7). Suppose 4*v + 270 = 4*f - 150, j = 5*v + 5. What is the units digit of f?
4
Suppose x + 0*x + 4*w = -216, 0 = 3*w - 12. Let k = -153 - x. What is the tens digit of k?
7
Let c = 151963 + -57670. What is the ten thousands digit of c?
9
Let h(v) = -34937*v + 176. What is the hundreds digit of h(-1)?
1
Suppose 15*q - 11869 = 155891. What is the thousands digit of q?
1
Suppose 4*x - b - 57215 = 0, -8*x + 7*x = 4*b - 14291. What is the ten thousands digit of x?
1
Suppose -22474 = -3*s - 2*h, -4*h - 7482 = -7*s + 6*s. What is the units digit of s?
0
Suppose 6*b - 56 = 4*b + 4*d, d = 5*b - 131. Suppose -4*f - 1725 = 1099. What is the units digit of 2/(-13) - f/b?
7
Suppose 9 = u - 3*u + 3*a, 5*u + 15 = 5*a. Suppose -20 = -5*s - u*s. What is the units digit of s/6*1320/16?
5
Let z(f) = -243*f + 1014. What is the units digit of z(-3)?
3
Suppose 1967 = -5*a + 557. Let u be (-56)/32 - 4/16. What is the units digit of -2*a/10 - u/(-5)?
6
Suppose n - 49 = 4*d, 4*d - 17*n + 46 = -19*n. What is the units digit of ((-8)/10)/(d/9090*3)?
2
Let k be 497/(-142) + ((-18)/4)/(-3). What is the units digit of -80 + 259 + (1 + 0 - k)?
2
Suppose -8*r = 5*c - 11*r - 44907, 2*c - 17994 = -4*r. What is the thousands digit of c?
8
Let c(w) = 58*w**2 + 29*w + 240. What is the tens digit of c(-9)?
7
Let v(r) = -619*r + 1900. What is the tens digit of v(-71)?
4
Suppose -3*o + 1010 = -1630. Let l be (-1*o/(-4))/1. Suppose t = 5*y + l, -2*t - 3*t + y + 1220 = 0. What is the units digit of t?
5
Suppose 99*z = 731378 + 43396. What is the thousands digit of z?
7
Let d = -43 + 13. Let i(y) = -y**2 - 52*y - 25. What is the hundreds digit of i(d)?
6
Let p = 27685 - 18704. What is the tens digit of p?
8
Suppose -10*p = -247237 + 26727. What is the hundreds digit of p?
0
What is the ten thousands digit of -14 + 161416/10 - (-4 - (-112)/20)?
1
Let x = 420 - 45. Suppose 12*q - 4887 = -x. What is the tens digit of q?
7
What is the tens digit of (-4)/(-110) - 98798602/(-2695)?
6
Suppose -11*i + 9*i + 257 = 3*n, 4*n = -i + 136. Suppose 0 = 2*x + 2*c - i - 872, 0 = 2*x - 2*c - 992. What is the hundreds digit of x?
4
Suppose -2 = 4*r - 38. Suppose -9*o + 9 = -6*o + 2*h, -3*o + h = -r. Suppose 2*x + w = 95, x - 60 = -o*w - 0*w. What is the tens digit of x?
4
Let d = 70 - 65. Suppose -5*g - t = -23, -d - 8 = -4*g + t. Suppose -330 = -3*m + g*h - 7*h, 0 = 4*m + h - 428. What is the tens digit of m?
0
Let m be (-6)/(-9)*6 + 4. Let s be -1*145*2/m*4. Let t = s + 206. What is the units digit of t?
1
Let f = -42 - -46. Suppose f*q - 586 = -2*n, 6*q - q = -5*n + 740. What is the hundreds digit of q?
1
Suppose -13*h - 22100 = -4*v - 18*h, -2*v + 11050 = 2*h. What is the tens digit of v?
2
Let j be (-114)/(-12) - 3/2. Suppose -3*r - j = -7*r. Suppose 4*b + 62 = l, r*l - 2*b - 136 = 2*b. What is the tens digit of l?
7
Suppose -362*u = -689*u + 355*u - 510020. What is the thousands digit of u?
8
Let p be -2 + 1313 - (-4 + 5 - -2). Suppose -p = -8*i + 4852. What is the units digit of i?
0
Let y(f) = f**3 - 14*f**2 + 8*f - 40. Let a be y(15). Let n = a - 536. Let d = 345 + n. What is the hundreds digit of d?
1
Let x(c) = -1193 + 7*c + 6*c + 1190. Let s be x(1). Suppose 146 + 244 = s*d. What is the tens digit of d?
3
Let h(o) = -50 - 43 + 204 - 37 + 5*o. What is the tens digit